 17. Suppose 0*v = 3*v - 27. What is the remainder when v is divided by j?
4
Let c = -32 + 36. Calculate the remainder when 5 is divided by c.
1
Let f(n) = -n**2 + 14*n - 34. Calculate the remainder when f(10) is divided by 3.
0
Let s(c) = -4*c - 5. Let q = -14 - -33. Calculate the remainder when q is divided by s(-4).
8
Let r(x) = -26*x**3 + x**2. Let b be r(-1). Suppose 2*a = -1 + b. Calculate the remainder when 24 is divided by a.
11
Suppose -5*u - 13 = 2, -u = 4*k - 109. What is the remainder when 110 is divided by k?
26
Let f be (-112)/(-3) + 2/3. Suppose -s = 0, 2*d - s - f - 12 = 0. Suppose 0 = 5*b - 4*k - 57, 36 = 3*b + 4*k - 11. What is the remainder when d is divided by b?
12
Suppose -11*w = -8*w - 540. Calculate the remainder when w is divided by 46.
42
Let l = -20 + 25. Calculate the remainder when 7 is divided by l.
2
Suppose -5*z + 93 = 23. Suppose 0*j - z = -j. What is the remainder when 25 is divided by j?
11
Let d(o) = o**2 - 3*o - 19. Calculate the remainder when d(-5) is divided by 9.
3
Let k(j) = 3*j**3 - j**2 - 5*j + 3. Let q be k(4). Let z = q + -53. Let x = -68 + z. Calculate the remainder when x is divided by 10.
8
Suppose 5*o + 174 = 8*o. What is the remainder when o is divided by 15?
13
Suppose -3*l + 7*l - 140 = 0. What is the remainder when l is divided by 18?
17
Let y = 4 - 2. Let n(t) = 6*t - 1. Calculate the remainder when n(1) is divided by y.
1
Let m = -26 + 49. Let q = m + 15. Suppose 3*h - 2*l - 64 = 3*l, 4*l = 2*h - 46. Calculate the remainder when q is divided by h.
12
Let p = -6 - -10. What is the remainder when 13 is divided by p?
1
Let l be (7/4)/((-1)/4). Let m(k) = k**2 + 5*k - 9. Let p be m(l). Suppose -d = -p*w + 58, w + 4*d - 2 = 9*d. What is the remainder when w is divided by 7?
5
Let w(u) = u**2 + u. Let r(p) = -9*p**2 - 10*p - 2. Let v(m) = -r(m) - 6*w(m). What is the remainder when 10 is divided by v(-2)?
4
What is the remainder when 106/1 + (-5)/(5/(-2)) is divided by 11?
9
Suppose 5*q - 23 = -148. Let r = q - -49. Calculate the remainder when 16 is divided by r/4*(-1 - -2).
4
Suppose 0 = -2*c + 18 + 38. Let v(m) = m**3 + 25*m**2 - 3*m - 22. Calculate the remainder when v(-25) is divided by c.
25
Let s(k) = k**2 + 7*k - 5. Calculate the remainder when 8 is divided by s(-8).
2
Let i(z) = 22*z**2 + z. What is the remainder when i(1) is divided by 13?
10
Let n(g) = -116*g**3 + g**2 - 1. Let j be n(-1). Let z = j - 68. Calculate the remainder when z is divided by 25.
23
Let h = 20 + -12. Let w(o) = -7*o - 6. Calculate the remainder when w(-4) is divided by h.
6
Calculate the remainder when 76 is divided by 4/(((-4)/((-60)/9))/3).
16
Let k(w) = w**2 - 3*w - 1. Let i(r) = 25*r. What is the remainder when i(1) is divided by k(-2)?
7
Suppose 0 = -4*d + x + 110, 2*d - 5*x = -0*x + 64. Calculate the remainder when d is divided by -2 + (-16)/(-2) + 1.
6
Calculate the remainder when (-2)/12 - 1058/(-12) is divided by 26.
10
Suppose 5*b - 2*b = 33. Let a = -6 + b. Calculate the remainder when 14 is divided by a.
4
Calculate the remainder when 11 is divided by ((-16)/(-24))/((-1)/(-6)).
3
Suppose 2*a - 10 = -j, 0*a + 3*a - 33 = 3*j. Let y(z) = z + 1. What is the remainder when a is divided by y(4)?
2
Suppose -3*v - d - 8 = -28, -4*v = -4*d. Calculate the remainder when 49 is divided by (0 - 2) + 60/v.
9
Suppose 0 = -2*s + 4*o - 1 - 1, 4*s - 5*o - 2 = 0. Suppose s*h = -h + 40. What is the remainder when ((-12)/h)/(6/(-100)) is divided by 7?
6
Suppose 6 + 22 = k. Let q = 10 - -8. Let m = k - q. What is the remainder when 29 is divided by m?
9
Let u(l) = -l**3 + l + 3. Let j be u(0). Suppose k - 4 = -m, -7 = -k + m + j. Suppose 3*b = 2*b + k. Calculate the remainder when 13 is divided by b.
6
Let w(h) = -h**3 + h**2 - h + 8. Let i(s) = s**2 + 6*s. Let b be i(-6). Calculate the remainder when 12 is divided by w(b).
4
Let y = 111 - 62. What is the remainder when y is divided by 15?
4
Let i(w) = -w**3 + 4*w**2 + w - 1. Suppose 5*n - c = -6 + 26, -n + 4*c + 4 = 0. Suppose n*m = 17 + 107. What is the remainder when m is divided by i(3)?
9
Suppose -4*o + o = 63. Let r be o/(-6)*8/14. Suppose -36 = -3*y + 5*t, -y = r*y + 3*t - 12. What is the remainder when 12 is divided by y?
5
Let b = -11 + 21. What is the remainder when 18 is divided by b?
8
Suppose -4*i + 3*i = -3*t + 84, -t = -5*i - 28. Let l(n) = 8*n - 1. Calculate the remainder when t is divided by l(2).
13
Calculate the remainder when 28 is divided by 5/(-15)*-9 - -9.
4
Let k = -2 + 2. Let v be -2 + k*3/(-9). Let a = 28 - v. What is the remainder when a is divided by 16?
14
Suppose 7*r - 56 = 3*r. Suppose 0 = -5*n - 0*n + 265. What is the remainder when n is divided by r?
11
Let z = -108 - -112. Calculate the remainder when 20 is divided by z.
0
Let z = 57 - -28. Let a = 148 - z. Calculate the remainder when a is divided by 16.
15
Let w(k) = k**3 + 2*k**2 - 12*k - 3. Let h = -5 - -25. What is the remainder when h is divided by w(3)?
2
Let i(u) = -4 - u**2 + 0*u - 3*u - 1. Let g be i(-4). Calculate the remainder when 3 is divided by ((-12)/g)/((-2)/(-3)).
1
Suppose -7*v = -3*v - 64. Calculate the remainder when 92 is divided by v.
12
Suppose 0 = -3*s + 3*a + 123, 3*s - 181 = -2*s - a. What is the remainder when 108 is divided by s?
34
What is the remainder when ((-4)/10)/((-5)/675) is divided by ((-2)/6)/((-1)/57)?
16
Let s = -259 + 376. What is the remainder when s is divided by 24?
21
Suppose -7*u + 166 = 138. Let r = 10 - -5. Suppose -2*k + r = -11. Calculate the remainder when k is divided by u.
1
Let i(w) = -3*w**3 + w**2 - w - 1. What is the remainder when 7 is divided by i(-1)?
3
Let t = 14 - 9. Let c be (-9)/3*4/(-6). Suppose -5*x + 27 = -c*x - 4*p, -x + 9 = -t*p. Calculate the remainder when x is divided by 3.
0
Let y = 8 - -9. What is the remainder when y is divided by ((-1)/(-2) - 2)*-6?
8
Let p be -2*3/6*-9. Let i = 24 - p. What is the remainder when 59 is divided by i?
14
Suppose 12*n - 10*n - 38 = 0. Calculate the remainder when 34 is divided by n.
15
Let f(n) = 3*n - 4. Suppose 2*p + 8 = -4*m, -5*p + 5*m = -10*p - 25. Let v be (2*p)/(-6 + 5). What is the remainder when f(v) is divided by 11?
10
Let d(w) = 3*w**2 + 4*w**2 - 3*w**2 + w. Let p be d(1). Suppose p*k = k + 56. What is the remainder when 55 is divided by k?
13
Suppose 5*i = -4*r + 323, -204 = -3*i + 2*r - r. What is the remainder when i is divided by 17?
16
Let s be 0 + (2 - 11) + 1. Let y = -4 - s. Let v(m) = -m**2 + 6*m - 2. What is the remainder when v(y) is divided by 4?
2
Suppose -r + 18 = -0*r. Suppose 6*x - x - 255 = 0. What is the remainder when x is divided by r?
15
What is the remainder when 32 is divided by (-232)/(-14) + (-30)/(-70)?
15
Let m = 9 + -5. What is the remainder when 9 is divided by m?
1
Calculate the remainder when 7 is divided by (6/(-4))/((-3)/8).
3
Calculate the remainder when 12 is divided by (-1)/3 - (-16)/3.
2
Suppose -m = m - 8. Suppose -h + 115 = m*h. Calculate the remainder when h is divided by 8.
7
Let n = -11 - -16. Calculate the remainder when 8 is divided by n.
3
Suppose 9 = -3*t + 33. Let c(v) = v**2 + 6*v + 2. Let s be c(-5). Let l(n) = -6*n - 3. Calculate the remainder when l(s) is divided by t.
7
Let p be (2 - 0)/2*33. Suppose -2*q = -5*q + p. Suppose 3*n + y - 130 = 0, 5*n - 184 = 3*y + 14. What is the remainder when n is divided by q?
9
Let v = 25 + 2. What is the remainder when v is divided by 6?
3
Suppose -b - 4*l + 3 = -13, 0 = -4*l + 12. Suppose b*n = n + 174. What is the remainder when n is divided by 15?
13
Suppose 41 + 51 = 4*t. Calculate the remainder when 30 is divided by t.
7
Suppose 52 = 3*l - 2*g, 0 = 2*l - 3*g + 6*g - 39. Let i = 14 + -10. Suppose 20 = i*c - 20. What is the remainder when l is divided by c?
8
Let f be 3/3 - (0 + -1). Let x(d) = 9*d - 3 - 4*d**f - 9*d + d**3 + 2*d**2. What is the remainder when 17 is divided by x(3)?
5
Suppose -133 = -2*d - 27. What is the remainder when d is divided by 19*(-9)/(-12) + (-4)/16?
11
Suppose 3*l + q - 1 = 0, 2*l - l = -q + 1. Let a be 2/6 - 386/(-3). Suppose l = -6*v + 3*v + a. Calculate the remainder when v is divided by 15.
13
Let z = 16 + -3. What is the remainder when z is divided by 7?
6
What is the remainder when 55 is divided by 72/5 - (-22)/(-55)?
13
Let c(d) = d**2 - 4. 